{"id":25,"date":"2016-07-15T19:56:16","date_gmt":"2016-07-15T19:56:16","guid":{"rendered":"http:\/\/condvillaverde.com.br\/?page_id=25"},"modified":"2016-07-15T19:56:16","modified_gmt":"2016-07-15T19:56:16","slug":"lazer","status":"publish","type":"page","link":"https:\/\/condvillaverde.com.br\/?page_id=25","title":{"rendered":"Lazer"},"content":{"rendered":"<p>Seguem informa\u00e7\u00f5es importante sobre o hor\u00e1rio de funcionamento das depend\u00eancias de lazer de nosso condom\u00ednio.<\/p>\n<p><strong>Sal\u00e3o de Jogos<br \/>\n<\/strong>O hor\u00e1rio para uso do sal\u00e3o de jogos \u00e9 das 08:00 \u00e0s 22:00 horas.<\/p>\n<p><strong>Sal\u00f5es de festas e churrasqueiras<\/strong><br \/>\nO hor\u00e1rio de utiliza\u00e7\u00e3o dos sal\u00f5es de festas e churrasqueiras \u00e9 das 10:00 as 24:00 horas.<\/p>\n<p><strong>Sala de Gin\u00e1stica<\/strong><br \/>\nO hor\u00e1rio de funcionamento da Sala de Gin\u00e1stica \u00e9 das 6:00 \u00e0s 22:00 horas.<\/p>\n<p><strong>Sauna<\/strong><br \/>\nO hor\u00e1rio de funcionamento da sauna \u00e9 das 09:00 \u00e0s 22:00 horas, ou a crit\u00e9rio da lei do Sil\u00eancio. No entanto, devem ser respeitados os dias de utiliza\u00e7\u00e3o conforme abaixo:<\/p>\n<ul>\n<li>homens: segundas e quartas-feiras;<\/li>\n<li>mulheres: ter\u00e7as e quintas-feiras;<\/li>\n<li>misto: sextas-feiras, s\u00e1bados e domingos.<\/li>\n<\/ul>\n<p><strong>Piscinas<\/strong><br \/>\nO hor\u00e1rio de funcionamento das piscinas \u00e9 das 06:00 \u00e0s 22:00 horas. Lembrando que as piscinas est\u00e3o abertas de ter\u00e7a-feira a domingo, pois \u00e0s segundas-feiras \u00e9 realizada a manuten\u00e7\u00e3o peri\u00f3dica e limpeza.<\/p>\n<p><strong>Playground e Brinquedoteca<\/strong><br \/>\nO hor\u00e1rio de funcionamento da \u00e1rea de lazer \u00e9 das 08:00 \u00e0s 22:00 horas. Ap\u00f3s as 19:00 horas s\u00f3 ser\u00e1 permitida a perman\u00eancia de crian\u00e7as acompanhadas de um adulto respons\u00e1vel.<\/p>\n<p><strong>Quadras<\/strong><br \/>\nO hor\u00e1rio de funcionamento das quadras ser\u00e1 das 08:00 \u00e0s 22:00 horas.<\/p>\n<p><strong>Sala de Cinema<\/strong><br \/>\nAs chaves poder\u00e3o ser retiradas com o Zelador e\/ou Porteiro em 03(tr\u00eas) per\u00edodos, no primeiro per\u00edodo das 10:00 as 13:00, no segundo per\u00edodo das 14h00 as 17h00 e no terceiro per\u00edodo das 18h00 as 21h00, e ser\u00e3o entregues aos moradores respons\u00e1veis. A sala dever\u00e1 ser fechada \u00e0s 21:00 horas, ficando proibida a sua utiliza\u00e7\u00e3o ap\u00f3s este hor\u00e1rio.<\/p>\n<p><strong>Espa\u00e7o Mulher<\/strong><br \/>\nAs chaves do Espa\u00e7o Mulher dever\u00e3o ser retiradas na Portaria e o hor\u00e1rio de utiliza\u00e7\u00e3o ser\u00e1 das 08:00 as 22:00 horas.<\/p>\n<p><strong>Sala Home Office<\/strong><br \/>\nO hor\u00e1rio de utiliza\u00e7\u00e3o da Sala Home Office ser\u00e1 das 08:00 \u00e0s 22:00 horas.<\/p>\n","protected":false},"excerpt":{"rendered":"<p>Seguem informa\u00e7\u00f5es importante sobre o hor\u00e1rio de funcionamento das depend\u00eancias de lazer de nosso condom\u00ednio. Sal\u00e3o de Jogos O hor\u00e1rio para uso do sal\u00e3o de jogos \u00e9 das 08:00 \u00e0s 22:00 horas. Sal\u00f5es de festas e churrasqueiras O hor\u00e1rio de utiliza\u00e7\u00e3o dos sal\u00f5es de festas e churrasqueiras \u00e9 das 10:00 as 24:00 horas. Sala de [&hellip;]<\/p>\n","protected":false},"author":1,"featured_media":0,"parent":0,"menu_order":0,"comment_status":"closed","ping_status":"closed","template":"page-fullwidth.php","meta":{"footnotes":""},"class_list":["post-25","page","type-page","status-publish","hentry","clearfix"],"_links":{"self":[{"href":"https:\/\/condvillaverde.com.br\/index.php?rest_route=\/wp\/v2\/pages\/25","targetHints":{"allow":["GET"]}}],"collection":[{"href":"https:\/\/condvillaverde.com.br\/index.php?rest_route=\/wp\/v2\/pages"}],"about":[{"href":"https:\/\/condvillaverde.com.br\/index.php?rest_route=\/wp\/v2\/types\/page"}],"author":[{"embeddable":true,"href":"https:\/\/condvillaverde.com.br\/index.php?rest_route=\/wp\/v2\/users\/1"}],"replies":[{"embeddable":true,"href":"https:\/\/condvillaverde.com.br\/index.php?rest_route=%2Fwp%2Fv2%2Fcomments&post=25"}],"version-history":[{"count":1,"href":"https:\/\/condvillaverde.com.br\/index.php?rest_route=\/wp\/v2\/pages\/25\/revisions"}],"predecessor-version":[{"id":26,"href":"https:\/\/condvillaverde.com.br\/index.php?rest_route=\/wp\/v2\/pages\/25\/revisions\/26"}],"wp:attachment":[{"href":"https:\/\/condvillaverde.com.br\/index.php?rest_route=%2Fwp%2Fv2%2Fmedia&parent=25"}],"curies":[{"name":"wp","href":"https:\/\/api.w.org\/{rel}","templated":true}]}}